h be 0/(-4) + 5*15. Calculate the highest common factor of h and z.
15
Suppose 0 = -3*a + 5*u - 8*u + 420, -709 = -5*a + 4*u. Suppose 0*k = -4*k + 940. Calculate the greatest common factor of a and k.
47
Let q(h) = 4*h**2 + 1. Let p be q(1). Suppose -3*s - p = -4*s. Suppose -28 = -2*z - 4*b - 0*b, 2*z - s*b = 1. What is the greatest common factor of 24 and z?
8
Let i(z) = 17*z - 187. Let t(q) = -19*q + 189. Let a(g) = -4*i(g) - 3*t(g). Let n be a(15). Calculate the highest common factor of 128 and n.
16
Let v be ((-93105)/20 + 5)/(7/(-28)). What is the highest common divisor of 57 and v?
19
Let a(x) = 2*x**2 - 17*x + 40. Let b be (6 - -39)*6/30. Let z be a(b). What is the greatest common divisor of z and 7?
7
Let v(m) = 10*m - 8. Suppose 0*s + 1 = 3*s + 5*l, 7 = 2*s - 3*l. Let f be v(s). Suppose -f*b = -3*b - 342. What is the greatest common divisor of b and 95?
19
Suppose 2*m - 5*u + u + 314 = 0, 5*u + 471 = -3*m. Let p = m + 173. What is the greatest common factor of 80 and p?
16
Let b be -3*9/(-1)*1. Let y be (5 - -805)*(4 + (-84)/30). Let k = y + -963. Calculate the highest common factor of b and k.
9
Suppose -412 = -32*l + 68. Suppose -l = -142*p + 139*p. What is the greatest common divisor of p and 145?
5
Suppose -13 = -5*n - p - 0*p, -3*p + 6 = 4*n. Suppose n*u - 156 = -3*m, 177 = 4*u - 4*m + 9. What is the greatest common factor of u and 517?
47
Suppose 65*h - 105 = 72*h. Let k be (34 - -1)*(h + 16). What is the greatest common divisor of 21 and k?
7
Suppose v = 2*m - 21, 5*m + 3*v = -0*v + 25. Suppose 7*t = m*t - 5. Suppose 45 + 35 = t*w. Calculate the highest common factor of 64 and w.
16
Suppose 105 = -5*h + 910. Let w(c) = -5*c**3 - 740*c**2 - 9*c - 1263. Let g be w(-148). What is the greatest common factor of h and g?
23
Suppose 3*k - 364 = -16*q + 15*q, -2*k = -q - 241. Suppose 10*f - 2*y = 15*f - 170, -5*y = 3*f - k. Calculate the greatest common divisor of f and 80.
16
Let h(b) = -4851*b - 24123. Let i be h(-5). Let t(j) = 3*j. Let q be t(4). Calculate the greatest common factor of i and q.
12
Suppose d + 3*w + 22 = 0, -2*d + 4*w - 35 = -11. Let r be (-2)/((-16)/2) - 476/d. Calculate the greatest common factor of 18 and r.
6
Let c = -925 + 517. Let z be 6*(c/(-9))/8. What is the greatest common factor of 136 and z?
34
Let g = -3556 + 4825. What is the highest common factor of 54 and g?
27
Suppose -8*y = -6*y - 2*d + 14, 0 = -3*y + 4*d - 21. Let z = 63 + y. Let c(r) = 6*r**3 + 2*r - 1. Let u be c(1). What is the highest common divisor of u and z?
7
Suppose -12*i + 8*i = 248. Let c = 70 + i. Calculate the greatest common divisor of 184 and c.
8
Let y = 3868 - 3819. What is the greatest common divisor of y and 392?
49
Let c = 1165 + -1153. Let o = 22 + 6. What is the greatest common factor of o and c?
4
Let f be 132 + (-11 - -13) + (1 - 2). Let g(n) = n**3 - 11*n**2 - 8*n + 28. Let o be g(12). Calculate the greatest common divisor of o and f.
19
Let m(j) = 5*j**2 + 135*j - 184. Let h be m(-54). Calculate the greatest common factor of 119 and h.
17
Suppose 75*a + 81*a = 167*a - 6160. What is the highest common divisor of 1820 and a?
140
Let i be 93 - (-2)/((-4)/6). Let l(y) = -18 - 18 + 0 + 3*y. Let s be l(15). What is the highest common divisor of i and s?
9
Let v(t) = t**3 - 3*t**2 + 39*t - 287. Let d be v(7). Let x = 5 - -9. Calculate the greatest common divisor of d and x.
14
Let j be ((3 - 3) + 2)/((-8)/(-32)). Let i(p) = -p**2 + 22*p - 2. Let z be i(j). What is the greatest common divisor of z and 22?
22
Let d = -22447 - -24607. Calculate the highest common factor of d and 800.
80
Suppose 12*h + 8 = 4*h. Let v be 2/4*(-1 + h). Let j be (-1 - v - 3) + 26 + -3. What is the highest common factor of j and 40?
20
Suppose -3*q = -11*q + 48. Let v(l) = -l**2 + 10*l. Let g be v(q). What is the greatest common divisor of 108 and g?
12
Suppose 0 = 3*i - 3*n + 121 - 193, -4*i - 5*n + 69 = 0. Suppose 2*z + 3*p = 12, -24 = 3*z - 7*z - 2*p. Calculate the highest common factor of i and z.
3
Let u be -2 + (-381)/(-12)*(-44)/(-11). Suppose 2*n = 4*n - 100. Calculate the greatest common divisor of n and u.
25
Let n be (-5 + 13)*11/(-14)*7/(-2). What is the greatest common divisor of n and 88?
22
Let n be 95/76 - (6168/(-32) + 7). Calculate the highest common divisor of 484 and n.
11
Let s be 213512/338 - (-4)/13. Calculate the highest common factor of 8 and s.
8
Let z be (-552538)/(-12293) - (-2)/38. What is the greatest common factor of z and 6015?
15
Let o = 2778 + -2042. Calculate the greatest common divisor of o and 92.
92
Let g be -17 + (15 - -2048) + 2*-1. What is the highest common factor of 84 and g?
28
Let d = -2114 - -6389. Suppose -19*y + d = -0*y. Calculate the greatest common factor of 90 and y.
45
Let c(h) = -111*h - 3048. Let f be c(-28). What is the greatest common divisor of 3765 and f?
15
Suppose -22 = -3*w + 2. Let m = w + -28. Let c be (2/3)/(m/(-90)). What is the greatest common divisor of c and 24?
3
Suppose -5*c = -0*c - 120. Let h(f) be the first derivative of -2*f**2 - 8*f + 33. Let n be h(-4). Calculate the greatest common divisor of n and c.
8
Suppose -58 + 4 = -6*m. Suppose -2*t + m = -31. Calculate the highest common divisor of t and 110.
10
Let c = 8291 + -5238. Calculate the greatest common factor of 172 and c.
43
Suppose -3*i = -4*r - 1356, -14*i + 18*i = 5*r + 1810. Calculate the greatest common divisor of i and 644.
92
Let q(p) = -14*p - 52. Let g be q(-4). Suppose 68 = -g*z + 572. What is the highest common factor of 210 and z?
42
Let g = 535 - 470. Let y = 105 - g. Calculate the highest common factor of 140 and y.
20
Let g be -5 - -6 - 0 - -5. Let o be ((-5)/2)/(g + (-77)/14). Let p be (-20 - -5)/o + 4. What is the greatest common factor of 56 and p?
7
Let u(z) = -5*z - 2*z + 6*z - 38*z**3 - 1. Suppose -62*l - 38 = 24. Let w be u(l). Calculate the highest common divisor of w and 190.
38
Let x(p) = -37*p - 2862. Let u be x(-78). Calculate the highest common factor of u and 33.
3
Let m(k) = k**3 - 4*k**2 + k - 3. Let u be (-60)/4*1/(-3). Let v be m(u). Let j be ((-48)/(-10))/((-4)/(-30)). What is the highest common divisor of v and j?
9
Suppose 125 = 244*w - 1095. Suppose -d = 2*d + y - 133, -y = -d + 47. What is the highest common factor of w and d?
5
Let s = -11731 + 14107. Calculate the greatest common divisor of 1 and s.
1
Suppose 1787867 - 235771 = 26*i. What is the greatest common factor of 14 and i?
14
Suppose -24 = -53*v + 41*v. Suppose 4*y + 3*f = 238, 4*f - 66 = -v*y + y. Calculate the greatest common factor of y and 232.
58
Let z = 1003 + -1002. Calculate the highest common divisor of z and 64.
1
Suppose -11*r - 49*r + 212674 = -129086. Calculate the greatest common factor of 512 and r.
64
Suppose -77 = 4*a + 3*a. Let f be 1/(a/(-5) - 2). Suppose -4*p = f*q - 23, 18 = p - 4*q - 14. Calculate the greatest common factor of 108 and p.
12
Let t = -14965 + 15103. What is the greatest common divisor of 1794 and t?
138
Suppose -r - p = -2*r + 101, 3*r + 2*p - 288 = 0. Let d be 176/11 - (0 - 2). Suppose -60 = -3*z - d. What is the highest common divisor of z and r?
14
Suppose 978 = 4*s - 2*k, -1220 = -5*s - 15*k + 18*k. What is the highest common divisor of s and 169?
13
Suppose -264*i + 239 = -262*i + 5*r, -2*r + 118 = i. Calculate the greatest common divisor of i and 3346.
14
Suppose 0 = 2*l - 3413 + 1103. Let t(m) = m**3 + 73*m**2 - m + 5417. Let b be t(-74). Calculate the highest common divisor of b and l.
15
Let y(s) = -8*s**3 + s**2 - 17*s - 33. Let u be y(-2). What is the highest common factor of u and 4853?
23
Let n be (20/8)/(21/378). Calculate the highest common divisor of 63 and n.
9
Let c(d) = d**2 - 30*d + 85. Let s be c(27). Suppose -3*g + 168 = s*h, 5*h + 8*g = 5*g + 210. Calculate the highest common factor of 24 and h.
6
Let i be ((-49590)/80)/(-9) - -5*(-11)/(-440). Let u be 114 + 1 + 1 + -1. What is the highest common factor of i and u?
23
Suppose 0*f - 5*l - 160 = -3*f, 0 = -3*f + l + 140. Let z be 1 + (-234)/(-4) + 3*(-2)/(-12). What is the highest common divisor of f and z?
15
Let h = 559 - 555. Suppose -3*m + h*p - 30 + 21 = 0, -10 = -4*m - 2*p. What is the highest common divisor of 49 and m?
1
Suppose 843 - 892 = -4*v + 5*t, t = -5*v + 83. What is the highest common factor of 85 